 = 2*a**2 + 3*a - 3. Let r be b(-3). Calculate w(r).
11
Let n(f) = -f**3 + 19*f**2 - 32*f - 40. Let k be n(17). Let q(g) = g**3 + 6*g**2 + 2. Determine q(k).
2
Let u(v) = 2*v + 5 + 12*v**2 - 4*v + 4*v + 5*v - 11*v**2. What is u(-10)?
35
Let g = -52 + 57. Let c(z) = 5*z**3 - 4*z**2 - 5*z - 4. Let b(n) = -n**3. Let i(x) = -4*b(x) - c(x). Calculate i(g).
4
Let l(w) = -68*w**2 + 51*w**2 + 16*w**2 + 15 - 7*w. Determine l(-8).
7
Let j(t) = -3*t**3 - 87*t**2 + 4*t**3 - 1 + 91*t**2 + 2*t. Suppose -o - 2*o + 4*i - 4 = 0, 0 = -4*i + 4. Suppose 3*r + 3*a - 6 = o, -a + 1 = 2*r + 2. Give j(r).
2
Let f(g) = -3*g + 1 + 13*g - 9*g. Determine f(3).
4
Let g(i) be the second derivative of i**3/6 - 11*i**2/2 + 11*i + 2. Let j = 6 - 0. What is g(j)?
-5
Let z = 200 + -206. Let p(a) = 3*a + 6. Determine p(z).
-12
Let p = -27 + 30. Let h(s) be the second derivative of -s**4/12 + 2*s**3/3 - 3*s**2/2 - 19*s. Give h(p).
0
Let l(f) = f**3 + 2*f**2 + f. Let k be l(-1). Let w(i) = 3*i**3 + 2*i**2 + 1. Let a(g) = -4*g**3 - 2*g**2 - g + 1. Let m(h) = -a(h) - w(h). What is m(k)?
-2
Let t(u) = 5*u - 3 - 4 - u**3 + 5*u**2 + 2. Let j be ((-54)/(-4) + (-3)/2)/2. Determine t(j).
-11
Let g(q) = q**2 + 1. Let l(h) = -2*h**2 + 7*h - 9. Let b(p) = -g(p) - l(p). Give b(6).
2
Let u(c) = 30 + 7*c - 70 + 32 - c**2. Determine u(7).
-8
Suppose -4*d = -3*r - 2, 5*r - 3*d = 13 - 9. Let w(a) be the second derivative of -3*a**r + 8*a + 0 - 1/12*a**4 + 1/6*a**3 + 1/20*a**5. Calculate w(0).
-6
Let f(q) = 2385*q**2 + q - 1 + 0 - 2367*q**2. Calculate f(1).
18
Let p(f) = -f + 7. Let q be p(5). Suppose -3*m + 4*v = 2*v - 10, q*m = 4*v + 12. Suppose 4*o = -m - 2. Let i(t) = -3*t**3 - t - 1. Give i(o).
3
Suppose 4*q = -3*z + 39, 0 = -5*z + 25. Let l(x) = -x**2 + 5*x + 4. What is l(q)?
-2
Let t(j) = j - 3. Let i be t(-2). Let y(c) = c**3 - 2*c**2 + 1. Let d be y(1). Let a(q) = d - 5*q - 3*q**2 + 2 + 2*q**2. Calculate a(i).
2
Let h(z) be the second derivative of 7/2*z**2 - 14*z - 1/6*z**3 + 0. Calculate h(3).
4
Let t = -406 - -415. Let j(o) = o**3 - 8*o**2 - 12*o + 12. Give j(t).
-15
Let i(f) = -3*f**3 + 6*f**2 + 2*f**3 + 4 + 16*f + 2*f**2 + 7*f**2 + 6. Give i(16).
10
Let w(g) = g**3 + 9*g**2 - 9*g + 11. Let o be w(-10). Let y(p) = -1 + 3*p + 0 - o + 4 + p**2. Let t be 14/(-4) + (-4)/(-8). Calculate y(t).
2
Let y(p) = p**2 - 5*p + 1. Let m(l) = -25*l - 670. Let f be m(-27). Determine y(f).
1
Let v be (20/16)/((-70)/(-308))*2. Let b(h) = h**2 - 13*h - 7. Determine b(v).
-29
Let t = 1251 - 1257. Let s(m) = m**2 + 5*m + 7. Determine s(t).
13
Suppose -4*o = -2*x + 2, -5*o = 4*x - 1 - 3. Let s(z) = -z + 1142*z**2 - 1148*z**2 - x + z. Suppose -6*f = -4*f + 2. Determine s(f).
-7
Suppose -3 - 2 = -v. Let o(c) = -11*c + 3. Let i(p) = -6*p + 1. Suppose -1 = 6*g - 43. Let q(f) = g*i(f) - 4*o(f). Determine q(v).
5
Let g(q) = -q + 1. Let r(b) = 3*b. Let v be r(-2). Let m(d) be the first derivative of d**3/3 + 5*d**2/2 - 4*d + 7. Let h be m(v). What is g(h)?
-1
Suppose -5*r - 15 = -p - 0*p, -3*r + p = 9. Let t(h) be the first derivative of h**3/3 - h**2 - 4*h - 2. Calculate t(r).
11
Let h(q) = -q**3 + 15*q**2 - 14*q - 12. Let w be h(14). Let r = -8 - w. Let m(a) = -a**3 + 5*a**2 - 4*a - 5. Determine m(r).
-5
Let l(u) = -4*u + 1. Suppose -3*h + 49 = -29. Let q = -25 + h. Determine l(q).
-3
Let q(a) be the second derivative of -a**4/12 + a**3/2 - 7*a**2/2 + 329*a. What is q(3)?
-7
Let u(z) = 2*z + 94 - 101 - 3*z. What is u(-5)?
-2
Suppose 0 = i + i. Let m(o) be the first derivative of o**3/3 - o**2/2 + 3*o - 98. Calculate m(i).
3
Let c(w) = -w - 1. Let a(i) = 3*i**2 - 8*i - 8. Let t(u) = -a(u) + 4*c(u). Let p(b) = 4*b**2 - 4*b - 5. Let v(h) = 5*p(h) + 6*t(h). What is v(-4)?
15
Let m(q) = -q + 7. Let f be -4 + (3 - -4) - 1. Suppose -2*r + 12 = f. Give m(r).
2
Let m(i) be the third derivative of i**4/6 + 7*i**3/2 - 140*i**2. Determine m(-6).
-3
Let d(c) = 0*c**3 + 0*c**3 - 8*c**3 + 6*c**3 - 8*c**2 + 3*c**3 + 5*c + 9. Calculate d(7).
-5
Let o(h) = h. Let n(v) = v**3 + 15*v**2 - 16*v + 3. Let c be n(-16). Suppose -1 = -2*g - c. What is o(g)?
-1
Let n(h) = h**3 - 9*h**2 + 6*h + 11. Let w be n(8). Let a be w - (0 + -1 - 3). Let z be (4 - (-21)/(-3))*a. Let x(y) = -y - 3. Give x(z).
-6
Let z(t) be the second derivative of -1/6*t**3 + t**2 + 1/4*t**4 + 0 - t. Let y = 26 - 24. What is z(y)?
12
Let y(t) be the second derivative of 7*t**3/6 - 2*t**2 + 10*t. What is y(-6)?
-46
Let g = -20 + 24. Let o(w) = w - 1. Let u(z) = 2 - 6 + z + 4*z. Let h(k) = 6*o(k) - u(k). What is h(g)?
2
Suppose 8 = -2*o + 4*o + 2*t, 4 = -2*t. Let y(p) = -4*p + 15. Determine y(o).
-9
Let i(a) = -a + 8. Let g(o) = -5*o + 33. Let l(y) = 2*g(y) - 9*i(y). Let n(b) = 3*b**2 - 10*b - 2. Let m be n(5). Let c = 17 - m. Give l(c).
0
Suppose -2*v + 0*v - 2 = 0. Let i(y) = 46*y - 46*y + 9*y**2 + 4 - 5. What is i(v)?
8
Let h(t) = t**2 - 7*t + 2. Let y = -4 + 10. Let n be h(y). Let x(p) be the third derivative of p**5/60 + p**4/4 + p**3/3 + 91*p**2. What is x(n)?
-6
Let t(k) = -7*k - 1. Let z(g) = g**2 - g - 21. Let x be z(-4). Calculate t(x).
6
Let a(j) = j**3 + 9*j**2 - 11*j - 4. Suppose 310 = -22*z - 9*z. Calculate a(z).
6
Let n(f) = -f. Let g(r) = -7*r. Let l(h) = -g(h) + 6*n(h). Let t = 439 + -440. Determine l(t).
-1
Let u(v) be the second derivative of v**5/10 + v**4/12 - v**3/6 + v**2/2 - 477*v. What is u(1)?
3
Let q(i) = 3*i + 52. Let k be q(-17). Let r(c) = 9*c - 2. Calculate r(k).
7
Let k(h) = -h + 16. Suppose 7*x - 3*x - 84 = 0. Let q be k(x). Let b(z) = 5*z + 6. Determine b(q).
-19
Let s(j) = j - 6. Let x(a) = a - 1. Let y(m) = -s(m) + 2*x(m). Suppose -l - 1 = -5. Suppose -2*d - l = 4. What is y(d)?
0
Let x(b) = -b**2 - 37*b + 33. Let i be x(-30). Let v be ((-2)/6)/(9/i). Let a(k) = k**2 + 8*k + 5. What is a(v)?
14
Let g(w) = -3*w**2 - 3*w + 6. Let v(t) = -2*t**2 - 2*t + 5. Let b(j) = 3*g(j) - 4*v(j). Let f = 55 + -52. Determine b(f).
-14
Let d(r) = 2*r**2 + 5*r - 4. Let m(o) = o**2 + 8*o + 2. Let s be m(-6). Let k = 199 - 193. Let v = k + s. Give d(v).
8
Let k(r) be the first derivative of -r**5/30 - r**4/4 - r**3/6 - 7*r**2/2 - 13. Let h(v) be the second derivative of k(v). Calculate h(-4).
-9
Let d be (-51)/(-15) + (-2)/5. Let c = 357 - 355. Let m(x) = 4*x - 3*x + x**2 + 1 - d - 2*x**c. Give m(2).
-4
Suppose 0 = 5*u - 0*u - 200. Suppose -2*g = 5*l - u - 11, 4*l + 4*g = 48. Suppose 14*h - 15 = l*h. Let i(k) = -k - 1. What is i(h)?
-4
Let p(j) = -j**3 - 13*j**2 - 8*j + 16. Let l(u) = u**3 + 11*u**2 + 8*u - 14. Let q(v) = 3*l(v) + 2*p(v). Give q(-5).
0
Let d(c) = 11*c + 1. Suppose 15*v - 130 = -145. What is d(v)?
-10
Let c(w) = w + 7. Let n(l) = 2*l - 34. Let a be n(12). Calculate c(a).
-3
Let i be (4 + (-7 - -1))*(-15)/(-6). Let s = i + 1. Let r(y) = -3*y - 5. Calculate r(s).
7
Let l = -4373/2 + 2187. Let w(b) be the first derivative of 2*b - 14 - l*b**2. What is w(6)?
-4
Let f(m) be the second derivative of m**2 - 2*m + 0 + 1/3*m**3. Let w be 2*1/(-4)*796/199. Calculate f(w).
-2
Let o(h) = -h**3 - h**2 - 1. Let r(y) = -89*y**3 + 88*y**3 + 2*y + y - 2*y**2. Let m be r(-3). Determine o(m).
-1
Let j = -104 - -107. Let p(l) = -j*l - 5 - 3 + 5 + 0. Determine p(6).
-21
Let i = 28 - 24. Let l(k) = -k**3 + 5*k - 3. Let w(r) = r**2 - r + 1. Let m(v) = l(v) + 3*w(v). Calculate m(i).
-8
Let l(k) = k**2 + 4*k - 2. Let x = -48 - -58. Suppose 5*s + 10 = 2*m - 15, 2*s = m - x. What is l(s)?
3
Suppose -5*t = 3*m + 6 + 4, 5*t = -5*m - 20. Let w(n) = -2*n - 11. Give w(m).
-1
Let h(u) = 4*u + 1. Let l(q) = -12*q - 3. Let x(p) = 8*h(p) + 3*l(p). Let a be (-1)/(0 - (-3 - -4)). Calculate x(a).
-5
Let z be (16/5)/((-14)/35). Let t be (3/(-6))/(z/(-16)). Let w(c) = 12*c**3 + c**2 - c - 1. Determine w(t).
-11
Let f(u) = -u**2 - 23*u - 30. Let v be f(-20). Let h(m) = 0*m**2 - 4*m + v - 49 + 22 + m**2. Calculate h(4).
3
Let d(l) = -2*l + 20*l**2 - 66 - 7*l**2 + 64 + 0*l. Calculate d(-1).
13
Let d be -8*((-10)/(-8) + 0). Let w = d + 16. Let l(u) = 5*u**2 + w*u**2 - 5*u**2 - 8*u - u**3 + u**2. Give l(6).
-12
Let p(f) = 5*f**2 + f + 4. Let b(j) = -j**2 + j - 1. Let o(w) = -w**3 + 13*w**2 - w + 17. Let k be o(13). Let r(i) = k*b(i) + p(i). Calculate r(-6).
6
Suppose -c + 25*x = 26*x + 13, -x - 49 = 5*c. Let s(r) = r**2 + 6*r - 11. Determine s(c).
16
Let p be 1 + (2 - 0)*7/(-14). 